{"id":117,"date":"2011-03-14T08:46:17","date_gmt":"2011-03-14T08:46:17","guid":{"rendered":"http:\/\/www.vergihaber.net\/?page_id=25"},"modified":"2023-04-24T16:18:51","modified_gmt":"2023-04-24T13:18:51","slug":"iletisim","status":"publish","type":"page","link":"https:\/\/www.esdymm.com\/?page_id=117","title":{"rendered":"\u0130leti\u015fim"},"content":{"rendered":"<h3 align=\"center\"><span style=\"color: #000080;\">ESD Denetim Yeminli Mali M\u00fc\u015favirlik<br \/>\n<\/span><\/h3>\n<p><strong>Adres:\u00a0 Atat\u00fcrk Mahallesi G\u00fcner Sok. Teknik Yap\u0131 Metropark T 7 Blok Kat:1 D:30\u00a0 \u0130kitelli-K\u00fc\u00e7\u00fck\u00e7ekmece\/\u0130STANBUL<\/strong><\/p>\n<p><strong>Telefon:\u00a0\u00a0 0212 801 34 70<\/strong><\/p>\n<p><strong>Fax:0212 801 34 90<br \/>\n<\/strong><\/p>\n<p><strong style=\"color: #333399;\"><span style=\"color: #000000;\">Email:<\/span> info@esdymm.com<\/strong><span style=\"color: #333399;\"><strong><br \/>\n<\/strong><\/span><\/p>\n<hr \/>\n<p>&nbsp;<\/p>\n","protected":false},"excerpt":{"rendered":"<p>ESD Denetim Yeminli Mali M\u00fc\u015favirlik Adres:\u00a0 Atat\u00fcrk Mahallesi G\u00fcner Sok. Teknik Yap\u0131 Metropark T 7 Blok Kat:1 D:30\u00a0 \u0130kitelli-K\u00fc\u00e7\u00fck\u00e7ekmece\/\u0130STANBUL Telefon:\u00a0\u00a0 0212 801 34 70 Fax:0212 801 34 90 Email: info@esdymm.com &nbsp;<\/p>\n","protected":false},"author":1,"featured_media":0,"parent":0,"menu_order":0,"comment_status":"closed","ping_status":"closed","template":"","meta":{"footnotes":""},"class_list":["post-117","page","type-page","status-publish","hentry"],"_links":{"self":[{"href":"https:\/\/www.esdymm.com\/index.php?rest_route=\/wp\/v2\/pages\/117","targetHints":{"allow":["GET"]}}],"collection":[{"href":"https:\/\/www.esdymm.com\/index.php?rest_route=\/wp\/v2\/pages"}],"about":[{"href":"https:\/\/www.esdymm.com\/index.php?rest_route=\/wp\/v2\/types\/page"}],"author":[{"embeddable":true,"href":"https:\/\/www.esdymm.com\/index.php?rest_route=\/wp\/v2\/users\/1"}],"replies":[{"embeddable":true,"href":"https:\/\/www.esdymm.com\/index.php?rest_route=%2Fwp%2Fv2%2Fcomments&post=117"}],"version-history":[{"count":5,"href":"https:\/\/www.esdymm.com\/index.php?rest_route=\/wp\/v2\/pages\/117\/revisions"}],"predecessor-version":[{"id":4257,"href":"https:\/\/www.esdymm.com\/index.php?rest_route=\/wp\/v2\/pages\/117\/revisions\/4257"}],"wp:attachment":[{"href":"https:\/\/www.esdymm.com\/index.php?rest_route=%2Fwp%2Fv2%2Fmedia&parent=117"}],"curies":[{"name":"wp","href":"https:\/\/api.w.org\/{rel}","templated":true}]}}